 f = -54 - -64. Let z(q) = -q**3 + 10*q**2 + 6. Let n be z(f). Determine k(n).
-15
Let r(c) = -2 - 10 + 4*c - 3*c. Calculate r(9).
-3
Suppose 2*q + 18 = 22. Suppose f + 2*f = -w + 20, -q*f + 4*w + 18 = 0. Suppose -6*u + 4 = -f*u. Let z(n) = n + 5. Give z(u).
1
Let i be (-116)/(-10) + 16/40. Suppose -i = -u - 3*u - 2*b, 4*u = -5*b. Suppose -15 - 10 = u*s. Let k(c) = 3*c + 1. What is k(s)?
-14
Let o = -80 - -75. Let b(s) = -4 + s - 2*s + 2*s - 1 + 5*s**2. Let g(a) = a**2 - a. Let v(y) = b(y) - 4*g(y). Calculate v(o).
-5
Let y(i) be the first derivative of -2*i**3/3 - 9*i**2/2 - 6*i + 82. What is y(-3)?
3
Suppose 0*v - 25 = -5*v. Let x(n) = 3*n**3 + 76*n**2 - 15*n - 26. Let k(c) = c**3 + 28*c**2 - 5*c - 9. Let s(l) = 11*k(l) - 4*x(l). Give s(v).
5
Let i(o) = 2*o**3 - 3*o**2 - 4*o - 3. Let d = 1577 + -1579. Calculate i(d).
-23
Let i = 132 + -78. Let d be (i/36)/((-6)/(-16)). Let z(s) = s**2 - 2*s. Determine z(d).
8
Let m(k) be the first derivative of -k**4/4 - 5*k**3/3 - k**2 - 2*k + 152. What is m(-3)?
-14
Let w(b) = 2*b + 12. Let t be w(-4). Let q be 0 - t - (-8 + 9). Let u(d) be the first derivative of -d**4/4 - 4*d**3/3 + 5*d**2/2 - 4*d + 2. Give u(q).
-4
Let u(t) = -t**2 - 10*t - 18. Let y be u(-6). Let w(k) = -k**3 + 7*k**2 - 8*k + 3. Give w(y).
-9
Let x(s) = 2*s - s**3 + s - 31 - 6*s**2 - 2*s + 30. Determine x(-6).
-7
Let p = 43 + -37. Let y(s) = p + 2*s - 6. Determine y(-4).
-8
Let p(l) = 17*l + 3. Let u(b) = -120*b - 20. Let q(w) = -20*p(w) - 3*u(w). Suppose 59 = 31*j + 90. What is q(j)?
-20
Let g(j) = 6*j - 4. Let u(y) = 5*y - 5. Let k(b) = -6*g(b) + 5*u(b). Give k(-2).
21
Let f(c) = -1. Let m(i) be the third derivative of -i**4/8 + 5*i**3/3 + 2*i**2. Let u(r) = -5*f(r) - m(r). Determine u(5).
10
Let r(s) = 6*s + 7. Let c(o) = 3*o + 4. Let n(d) = 11*c(d) - 6*r(d). Suppose -28 = 73*j - 48*j - 39*j. Determine n(j).
-4
Suppose 0*b + 3*c + 108 = 3*b, -3*b + 2*c = -107. Let o = b + -5. Suppose i + o = -4*i. Let r(m) = m**3 + 6*m**2 + m + 8. What is r(i)?
2
Let d(q) = q**3 - 8*q**2 + 9*q + 6. Suppose 6 = 3*j + 5*m, -4*j + 5*m + 28 = -15. Give d(j).
20
Let o(a) = 9*a + 33. Let v be o(-3). Let k(y) = y - 6. Determine k(v).
0
Let g be (-6)/24 - 1/(-4). Let i(x) = -2*x + 5 + 4*x + x + g*x - x**2. Give i(5).
-5
Let r(h) be the second derivative of 1/5*h**5 + 1/2*h**2 + 4*h + 0 - 1/6*h**3 + 0*h**4. Let p = -14 + 15. Determine r(p).
4
Let j(f) = 3 - 14*f**2 - f**3 + 16*f**2 - 6 - f + 7. Let v = -4 + 8. Let n(c) = -c**3 + 2*c**2 - 2*c + 5. Let h(b) = v*n(b) - 5*j(b). Determine h(3).
0
Suppose 0 = 5*g - 16 - 4. Suppose 3*d = g*d - 15. Suppose -5 - d = 5*y. Let q(x) = -x**2 - 5*x + 1. What is q(y)?
5
Let z(c) = -c**2 + 2*c + 3*c - 14*c + 0 + 7*c - 3. Suppose -2 = -o - 5. Calculate z(o).
-6
Suppose -3*h - 4*p = -22, -4*p = 5*h - 9 - 17. Suppose 0 = -29*s + 23*s + 12. Let i(a) = s + a**2 + h*a - a - 5*a. Give i(5).
7
Suppose 97*s - 93*s = 336. Let l = s - 90. Let d(i) = -i**2 - 5*i - 4. Give d(l).
-10
Let n(f) be the first derivative of f**2/2 + 3*f - 9089. Suppose -4*t + 3*o - 16 = -4, o = t + 3. Determine n(t).
0
Suppose 1 = t, 4*y + 4*t = -29 + 13. Let o(v) = -v**2 - 6*v - 4. Give o(y).
1
Let f = 247 - 246. Let k(p) = -9*p + 2. Give k(f).
-7
Let q(y) = y**3 + 4*y**2 - 2. Suppose -3 = -3*b - 3. Suppose 0 = -5*m + 3*l, b = m + 2*l + 19 - 6. What is q(m)?
7
Let v(d) = -2 + 2 - 3*d. Let g = -22 + 74. Let w = g + -50. Give v(w).
-6
Let t = 3 - 2. Let h(y) = t - y + 0*y + 0*y. Let w = -51 - -47. What is h(w)?
5
Suppose x = -3*x. Let l(k) = 5 + 2*k - 5 + x + 2*k**2 - 2. Calculate l(-3).
10
Let i(g) = g**3 - 5*g**2 - g + 7. Let k(y) = -y**3 - 3*y**2 + 19*y + 2. Let x be k(3). Calculate i(x).
2
Let c(j) = 72*j + 2. Let t(q) = 41*q + 1. Let m(w) = 4*c(w) - 7*t(w). Let y be 1 + 1*(2 - 0). Suppose 4*a + 8 = 2*p, 4*p + y = a - 2. Determine m(a).
-2
Let u(n) = -n - 2. Let w be u(-4). Let c(z) = -7*z + 10. Let y(t) = -3*t + 5. Let l(f) = w*c(f) - 5*y(f). Suppose -2 = -33*d - 2. Give l(d).
-5
Let w(f) = -f**3 - 15*f**2 - 13*f + 24. Suppose 7*g - 40*g - 462 = 0. Calculate w(g).
10
Let y = 58 - 59. Let b(p) = p. Let n(j) = 2*j**2 + 9*j + 3. Let w(i) = y*n(i) + 4*b(i). Give w(-3).
-6
Let w(g) = -g**3 + 22*g**2 - 22*g - 30. Let c be w(21). Let p = c + 52. Let s(h) = h + 1. Determine s(p).
2
Let d(l) = -l**3 + l**2 + 4*l - 3. Let g = 3 - 13. Let i be 18/15*(-25)/g. Give d(i).
-9
Let m = 31 - 37. Let o(x) = -4*x + 5. Calculate o(m).
29
Let q(v) = 15 + 36*v - 13*v - 5*v - 13*v. Give q(-10).
-35
Suppose 0 = 27*b - 46*b + 57. Let n(w) = w**2 - w + 4. Determine n(b).
10
Let i(c) = -c + 12. Suppose 3*x - 22 = 2*o + 3*o, -5*x + 41 = -4*o. What is i(x)?
3
Let m(h) = -5 + 14 + 1 - 9 + 11*h**2 - 2*h. Calculate m(1).
10
Let u(n) = -6*n**2 + 7*n - 6. Let c(m) = -5*m**2 + 6*m - 5. Let o(l) = 3*c(l) - 2*u(l). Calculate o(2).
-7
Let x(f) be the third derivative of -13*f**8/6720 + f**6/720 - 25*f**4/12 + 19*f**2. Let s(c) be the second derivative of x(c). Give s(1).
-12
Suppose 0*v + 2*j + 48 = v, 3*v - 194 = -4*j. Let x = 59 - v. Let b(q) = 17*q + 1. Give b(x).
18
Let o(i) = 0*i + 2*i + 2*i - i + 6. Let f = -1586 + 1579. What is o(f)?
-15
Let x(u) be the first derivative of u**3/3 + 3*u**2/2 - 10*u - 137. Calculate x(-5).
0
Suppose -5*p = -3*v - 37, 45 = 2*p + 3*p - 5*v. Suppose 10*l = p*l + 10. Suppose l*o = -2*o - 24. Let s(g) = 2*g - 2. Give s(o).
-14
Let c(b) be the third derivative of b**6/120 - 17*b**5/60 + 7*b**4/12 - 17*b**3/6 + 358*b**2. Determine c(16).
-49
Let t(m) be the second derivative of m**5/5 - m**4/3 + m**3/2 - m**2 + 486*m. What is t(2)?
20
Let x be 0/(9/3)*-1. Suppose 21 - 48 = -3*p. Let u(f) = -p*f + 6 - 9*f - 8*f + 27*f. Calculate u(x).
6
Let m(z) = 2*z**2 + 1. Let v(n) = 41*n**2 + n + 3. Let w(g) = -2*m(g) + v(g). Determine w(-1).
37
Let v be (0 - 1)/((-2)/(-12)). Let t(z) be the second derivative of z**3/6 - 2*z**2 + 4*z + 56. Calculate t(v).
-10
Let d(b) be the third derivative of -b**6/120 - b**5/30 - b**3/3 - 51*b**2. What is d(-2)?
-2
Let b be (-2)/(-1 + (-20)/(-12)). Let h = 1 - -4. Let a(j) = 3 + 4*j + j**3 + 5*j + 4*j**2 - h*j. Give a(b).
0
Let h(z) = 11 + 3*z + z + 2*z**3 + 6 - 7*z - 16. What is h(1)?
0
Let m(g) = -g**3 - 9*g**2 + g + 8. Suppose 0 = b + 2 - 7. Suppose 4*h + 26 = -2*q, 3*q - b = 10. What is m(h)?
-1
Suppose -1 = 27*j - 26*j. Let b be 3/(-15) + j/(-5). Let w(i) = -i - 11. Calculate w(b).
-11
Let u(z) be the third derivative of z**6/120 - z**5/12 + z**4/24 + z**3/2 - 118*z**2. Calculate u(5).
8
Let f be 24/6*1/(-2). Suppose 24*r + 22 = 26*r. Let h(j) = 1 + 6*j + 6*j - r*j. Determine h(f).
-1
Suppose -6 = -3*r - 0. Suppose r*x - 5*x = 0. Let z(m) be the second derivative of -m**5/20 + m**4/12 - m**3/6 + 2*m**2 - m. Calculate z(x).
4
Let l(y) = -2*y + 3. Let q(j) = -j - 1. Let r(v) = -v + 6. Let s be r(5). Let p(f) = s*l(f) - 3*q(f). Let c be 1/(-2) + (-27)/6. Determine p(c).
1
Let h be ((-16)/(-24))/((-2)/(-6)). Suppose -4*b + 21 = 5*m, 2*b = -h*m + 3*b + 11. Let k(r) = r**2 + 1 + 3*r + 1 - 7*r. What is k(m)?
7
Let g(i) be the second derivative of i**4/6 + i**2/2 - 52*i. Suppose 0 - 1 = h. Determine g(h).
3
Let i(v) be the second derivative of v**4/6 - 4*v**3/3 + 2*v**2 - v + 52. Calculate i(5).
14
Let p(v) = 9*v**2 - 9*v - 6. Let u(j) = j**3 - 25*j**2 + 28*j + 20. Let a(g) = -7*p(g) - 2*u(g). Give a(-7).
2
Let t(d) be the third derivative of -d**6/40 - d**4/24 - d**3/6 - 146*d**2. Determine t(-1).
3
Let g(y) = y**3 - 7*y**2 + 6*y + 5. Suppose 3*n + 2*n + 220 = 0. Let a = n + 49. Calculate g(a).
-15
Suppose -4*x + 7*x = 0. Suppose x = -3*o - o. Let m(y) = 3 + 2 + 0 + 2 + y. Give m(o).
7
Let n = -5 - -9. Suppose -m - 22 = -5*f, 6 - 22 = -2*f + n*m. Let y(g) = -5*g + 3*g**3 - f*g**3 - 4 + 7*g**2 + 0*g**3. Determine y(6).
2
Suppose -z = 3, -3*z - 18 = 3*l - 0*l. Let n be (-45)/(-6) + l/6. Let t(i) = i**2 - 9*i + 5. Calculate t(n).
-9
Suppose -5*m = -42 - 8. Suppose -5*f = -p - 2, -p - 4*f = 4*p + m. Let d(j) = -3*j**2 - 2. Give d(p).
-14
Let m = -29 + 33. Let j(c) = -1. Let v(d) = -2*d + 4. Let r(z) = -2*j(z) - 2*v(z). Give r(m).
10
Suppose -92 = -5*c - 18*c. Let a(m) = m**2 - 2*m - 2. What is a(c)?
6
Let b be (0 + (-2)/3)*-3. Let s be (30/5)/(-6)*0. Suppose -3*i + b*i - 8 = -m, s = 5*m + 3*i - 24. Let d(q) = q**2 - 6*q + 7. What is d(m)?
7